et y(a) = 34*a + 3735. Calculate y(-110).
-5
Let j(l) = 228*l + 2520. Give j(-11).
12
Let u(j) = j**3 + 48*j**2 + 149*j + 4798. Calculate u(-47).
4
Let x(z) = -2*z**3 + 20*z**2 + 23*z - 14. What is x(11)?
-3
Let q(r) = 167*r - 1601. What is q(12)?
403
Let s(n) = -14*n**2 - 13*n - 26. Give s(-2).
-56
Let a(j) = -j**3 + 178*j**2 - 869*j + 702. What is a(173)?
10
Let i(w) = -37*w**2 - 138*w + 3. Determine i(-3).
84
Let h(y) = -y**2 - 37*y + 319. Give h(7).
11
Let v(z) = -136*z + 918. Determine v(7).
-34
Let l(h) = 3*h + 31. What is l(18)?
85
Let q(r) = -33*r - 779. What is q(-27)?
112
Let n(f) = 884*f - 24740. Calculate n(28).
12
Let l(m) = -30*m - 705. Calculate l(-24).
15
Let h(m) = 7*m**2 - 4*m + 23. Give h(-3).
98
Let w(s) = 29*s + 629. Give w(-19).
78
Let y(c) = -c**3 - 4*c**2 + c + 8. Determine y(-6).
74
Let o(y) = 5*y - 375. Calculate o(75).
0
Let r(z) = -z**2 - 149*z - 1120. What is r(-8)?
8
Let t(o) = 25*o**2 - 2*o + 2. Give t(-3).
233
Let g(o) = 2*o**2 + 22*o + 67. Determine g(-6).
7
Let v(p) = 2*p**2 - 1767*p + 8793. Calculate v(5).
8
Let o(y) = -2*y**3 - 11*y**2 - 5*y - 2. Determine o(-6).
64
Let v(g) = -2*g**3 + 12*g**2 - 19*g - 74. Calculate v(5).
-119
Let s(p) = -275*p - 5807. Determine s(-21).
-32
Let i(u) = -6*u**2 - 92*u + 1520. What is i(10)?
0
Let j(g) = g**3 - 32*g**2 - 4*g + 122. What is j(32)?
-6
Let x(l) = 56*l**2 + 391*l + 2. Give x(-7).
9
Let j(a) = -a**3 + 8*a**2 + 117*a + 230. Determine j(-3).
-22
Let b(t) = -159*t - 950. What is b(-6)?
4
Let i(g) = -27*g + 179. Determine i(5).
44
Let i(x) = -x**3 + 5*x**2 - 3*x + 43. Determine i(6).
-11
Let z(a) = -a**3 - 9*a**2 + 51*a + 431. Determine z(-9).
-28
Let z(b) = b**2 + 155*b - 2343. Calculate z(14).
23
Let b(w) = -2*w**2 - 1050*w - 5275. Determine b(-5).
-75
Let d(u) = -u**3 - 31*u**2 + 75*u + 273. Give d(-33).
-24
Let q(f) = 4*f**3 - 6*f**2 - 36*f - 153. What is q(-5)?
-623
Let z(n) = -2*n + 45. What is z(-55)?
155
Let s(z) = -z**3 - 4*z**2 + 260*z + 526. Calculate s(-2).
-2
Let v(d) = -12044*d - 60217. Give v(-5).
3
Let k(s) = -2159*s - 3. Determine k(0).
-3
Let w(y) = -2662*y + 42594. Determine w(16).
2
Let o(h) = -2422*h + 48433. What is o(20)?
-7
Let i(d) = 207*d - 791. What is i(4)?
37
Let m(c) = c**2 + 33*c + 260. Determine m(-21).
8
Let a(z) = -3*z**2 - 126*z - 155. Give a(-40).
85
Let u(c) = -2*c**2 + 42*c - 42. Determine u(20).
-2
Let m(b) = -b**3 - 24*b**2 - 16*b + 160. What is m(-23)?
-1
Let r(q) = 118*q + 590. Determine r(-5).
0
Let u(b) = 7*b**2 - 3*b + 7. Determine u(2).
29
Let f(t) = -333*t - 35968. Give f(-108).
-4
Let x(z) = -z**3 - z**2 - 132. Calculate x(0).
-132
Let a(r) = 185*r - 818. What is a(5)?
107
Let z(s) = -3*s**2 - 492*s + 497. What is z(-165)?
2
Let c(x) = 23*x + 319. Calculate c(-15).
-26
Let l(r) = 4*r**2 + 46*r - 48. Determine l(-14).
92
Let a(t) = 172*t - 1416. Determine a(8).
-40
Let f(y) = -31*y**3 + 6508*y**2 + 420*y - 2. Determine f(210).
-2
Let k(d) = 18*d - 188. Calculate k(-18).
-512
Let j(c) = c - 32. Determine j(15).
-17
Let n(b) = -5*b**3 - 2*b**2 + 5*b - 6. Give n(2).
-44
Let z(d) = d**2 - 42*d - 939. What is z(-16)?
-11
Let a(f) = f**3 + 3*f**2 + 17*f + 61. Determine a(-3).
10
Let a(n) = -n**3 + 9*n**2 - 14*n - 18. Give a(9).
-144
Let k(l) = -3*l**2 - 206*l + 1151. Determine k(6).
-193
Let c(x) = 7*x**2 - 179*x - 73. Calculate c(26).
5
Let g(z) = -2*z**3 - 2*z**2 + z - 578. Give g(0).
-578
Let d(i) = 85*i**3 + 2*i**2 + 2*i. Determine d(-1).
-85
Let m(s) = 70*s - 148. What is m(2)?
-8
Let i(k) = -10*k**2 - 14*k - 9. Determine i(-2).
-21
Let c(r) = 65*r + 2405. What is c(-37)?
0
Let a(s) = -3*s**2 + 28*s - 186. Give a(8).
-154
Let g(y) = 28*y - 922. Determine g(32).
-26
Let p(t) = t**3 - 30*t**2 + 28*t + 34. Determine p(29).
5
Let u(n) = n**3 - 90*n**2 - 468*n + 10. Determine u(-5).
-25
Let c(a) = 208*a + 764. What is c(-4)?
-68
Let w(l) = 2490*l + 7465. Calculate w(-3).
-5
Let w(c) = -5*c**2 + 456*c + 1874. Calculate w(-4).
-30
Let t(z) = -564*z - 5129. What is t(-9)?
-53
Let z(y) = -7*y**2 - 73*y + 18. Calculate z(-7).
186
Let m(b) = b - 69. What is m(-6)?
-75
Let j(s) = -18*s**3 - 24*s - 25. Give j(-1).
17
Let c(x) = 76*x - 1016. Calculate c(13).
-28
Let o(y) = -103*y**3 + 12*y**2 - 12*y + 1. Give o(1).
-102
Let x(a) = 88*a - 1011. What is x(11)?
-43
Let c(h) = h**3 - 25*h**2 + 14*h + 151. Give c(24).
-89
Let a(m) = 595*m + 5947. What is a(-10)?
-3
Let u(h) = -h**2 + 36*h - 43. Determine u(34).
25
Let y(o) = o**2 + 18*o - 4817. Calculate y(61).
2
Let t(n) = -409*n + 4840. Calculate t(12).
-68
Let s(t) = 2*t**3 + 11*t**2 + 7*t + 23. Give s(-6).
-55
Let s(z) = 8*z - 15. Determine s(23).
169
Let l(b) = 8*b - 198. What is l(27)?
18
Let m(f) = -f**3 + 30*f**2 - 62*f + 207. What is m(28)?
39
Let w(u) = -u**2 - 17*u + 2385. What is w(-58)?
7
Let i(x) = -89*x - 7248. Determine i(-82).
50
Let s(m) = m**3 + 7*m**2 - 1047*m - 116. Determine s(-36).
-8
Let f(r) = -801*r - 5627. Give f(-7).
-20
Let m(b) = -3*b**2 + 28*b + 67. Determine m(-3).
-44
Let i(z) = -3*z**2 + 223*z + 492. Calculate i(76).
112
Let m(q) = -38*q + 3729. Give m(98).
5
Let y(c) = -95*c**3 - 75*c**2 - 3*c - 3. Calculate y(-1).
20
Let i(w) = w**2 - 14*w - 206. Determine i(-9).
1
Let s(g) = 33*g**2 - 175*g - 15. Give s(5).
-65
Let b(l) = -5*l**3 - 158*l**2 - 96*l - 53. What is b(-31)?
40
Let l(h) = h**2 - 16*h + 13. Calculate l(1).
-2
Let d(c) = -14*c - 488. Calculate d(-34).
-12
Let x(n) = -3*n**2 + 60*n + 3379. Determine x(45).
4
Let d(i) = -i**3 + 10*i**2 + i - 58. What is d(8)?
78
Let a(c) = -36*c - 767. Calculate a(-10).
-407
Let y(k) = 2*k + 14. Calculate y(10).
34
Let m(s) = s**2 + 5*s - 392. Calculate m(-24).
64
Let n(c) = -6*c**2 - 112*c + 61. Calculate n(-19).
23
Let b(c) = c**3 - 14*c**2 + 9*c - 35. Calculate b(14).
91
Let i(q) = 102*q + 2836. Calculate i(-28).
-20
Let c(l) = -172*l + 472. Determine c(0).
472
Let c(f) = -f**2 + 62*f - 488. Calculate c(7).
-103
Let u(t) = 2*t**3 + 4*t**2 - 41*t - 28. Give u(-6).
-70
Let m(l) = -l**2 - 90*l - 1259. What is m(-77)?
-258
Let f(y) = 15*y - 132. Calculate f(6).
-42
Let j(f) = -35*f + 80. Give j(6).
-130
Let t(s) = -2*s**3 - 6*s**2 + 4*s + 12. Give t(-5).
92
Let c(h) = 398*h + 3582. Determine c(-9).
0
Let i(p) = 2*p**2 - 152*p + 53. What is i(76)?
53
Let s(q) = -2*q**2 + 34*q - 207. Give s(15).
-147
Let v(x) = 172*x + 3429. Determine v(-20).
-11
Let l(h) = -6*h**3 + 14*h**2 + 10*h - 5. What is l(-1)?
5
Let z(c) = c**3 + 21*c**2 + 38*c - 21. Calculate z(-19).
-21
Let y(p) = 2*p**3 + 26*p**2 + 90*p - 26. What is y(-5)?
-76
Let o(j) = 6*j**2 - 724*j - 2988. What is o(-4)?
4
Let s(i) = -i**3 + 3*i**2 + 6*i + 8. Calculate s(-2).
16
Let z(h) = 263*h + 2365. Calculate z(-9).
-2
Let h(g) = -22*g - 16. Give h(-2).
28
Let o(q) = q**3 + 8*q**2 + 45*q + 93. Give o(-2).
27
Let g(h) = h**2 + 2*h + 22. Determine g(-10).
102
Let h(d) = -7*d**3 + 35*d**2 + 2*d + 6. Calculate h(5).
16
Let q(v) = -v**2 + 68*v + 1351. Give q(84).
7
Let v(x) = x**3 - 12*x**2 + 18*x + 55. What is v(12)?
271
Let m(z) = -4*z**3 - 42*z**2 - 55*z - 3. What is m(-9)?
6
Let c(a) = 21*a + 1653. Give c(-78).
15
Let n(v) = 7*v**2 - 12*v - 125. What is n(5)?
-10
Let g(k) = 3*k**2 - 68*k - 37. Determine g(23).
-14
Let l(w) = -w**3 + 19*w**2 - 39*w - 128. Give l(15).
187
Let g(c) = -499*c + 81837. Calculate g(164).
1
Let i(h) = 36*h - 1309. Determine i(32).
-157
Let y(v) = 26*v + 67. What is y(5)?
197
Let p(f) = -f**3 + 50*f**2 + 69*f - 138. What is p(51)?
780
Let m(g) = 2*g**2 - 35*g - 403. Calculate m(33).
620
Let f(q) = q**3 + 56*q**2 - 2938*q + 44. What is f(33)?
11
Let l(x) = 133*x + 6276. Give l(-49).
-241
Let c(d) = 2*d**2 + 17*d - 211. Determine c(0).
-211
Let g(c) = 223*c + 439. What is g(-2)?
-7
Let s(p) = -3*p**3 - 126*p**2 - 124*p - 24. What is s(-41)?
17
Let n(y) = 25*y - 1426. Determine n(58).
24
Let n(i) = i**3 - 196*i**2 + 226*i - 83328. Give n(197).
3
Let j(f) = f**2 - 35*f + 318. Calculate j(19).
14
Let d(l) = 2*l**2 + 63*l - 368. Determine d(-38).
126
Let m(d) = -d**3 + 26*d**2 + 116*d + 2446. Determine m(32).
14
Let c(p) = p**2 - 83*p - 202. Give c(86).
56
Let d(z) = 6*z - 167. Give d(11).
-101
Let r(t) = -t**3 + 23*t**2 - 117*t - 138. Give r(12).
42
Let b(r) = r**3 + 11*r**2 - 15*r + 46. Determine b(-13).
-97
Let k(z) = -z**2 + 9*z + 619. Wha